ors of 2271?
3, 757
What are the prime factors of 46914?
2, 3, 7, 1117
List the prime factors of 29274.
2, 3, 7, 17, 41
What are the prime factors of 90486?
2, 3, 11, 457
What are the prime factors of 118015?
5, 23603
What are the prime factors of 49209?
3, 47, 349
List the prime factors of 11842.
2, 31, 191
What are the prime factors of 13595?
5, 2719
What are the prime factors of 1357?
23, 59
List the prime factors of 2578.
2, 1289
What are the prime factors of 81620?
2, 5, 7, 11, 53
List the prime factors of 561.
3, 11, 17
List the prime factors of 8368.
2, 523
What are the prime factors of 1456?
2, 7, 13
What are the prime factors of 11212?
2, 2803
List the prime factors of 3000.
2, 3, 5
What are the prime factors of 20054?
2, 37, 271
What are the prime factors of 12979?
12979
List the prime factors of 78269.
23, 41, 83
List the prime factors of 25904.
2, 1619
List the prime factors of 1090.
2, 5, 109
List the prime factors of 62477.
62477
List the prime factors of 8980.
2, 5, 449
List the prime factors of 155218.
2, 7, 11087
What are the prime factors of 23465?
5, 13, 19
List the prime factors of 4727.
29, 163
What are the prime factors of 2149?
7, 307
What are the prime factors of 9647?
11, 877
List the prime factors of 67927.
67927
What are the prime factors of 1428?
2, 3, 7, 17
List the prime factors of 1223.
1223
What are the prime factors of 28884?
2, 3, 29, 83
What are the prime factors of 36752?
2, 2297
List the prime factors of 3163.
3163
List the prime factors of 43692.
2, 3, 11, 331
What are the prime factors of 45926?
2, 22963
What are the prime factors of 13?
13
What are the prime factors of 1669?
1669
List the prime factors of 4961.
11, 41
List the prime factors of 92325.
3, 5, 1231
What are the prime factors of 17015?
5, 41, 83
What are the prime factors of 46045?
5, 9209
List the prime factors of 69330.
2, 3, 5, 2311
What are the prime factors of 4372?
2, 1093
What are the prime factors of 8411?
13, 647
What are the prime factors of 421?
421
What are the prime factors of 272?
2, 17
List the prime factors of 2840.
2, 5, 71
What are the prime factors of 327?
3, 109
What are the prime factors of 3540?
2, 3, 5, 59
List the prime factors of 1322.
2, 661
List the prime factors of 2944.
2, 23
What are the prime factors of 556?
2, 139
What are the prime factors of 54599?
71, 769
List the prime factors of 25930.
2, 5, 2593
What are the prime factors of 19016?
2, 2377
What are the prime factors of 6849?
3, 761
List the prime factors of 1283.
1283
What are the prime factors of 791?
7, 113
What are the prime factors of 14605?
5, 23, 127
What are the prime factors of 861?
3, 7, 41
List the prime factors of 11724.
2, 3, 977
List the prime factors of 2514.
2, 3, 419
What are the prime factors of 591?
3, 197
What are the prime factors of 2934?
2, 3, 163
What are the prime factors of 1054?
2, 17, 31
What are the prime factors of 2594?
2, 1297
What are the prime factors of 7096?
2, 887
What are the prime factors of 616?
2, 7, 11
What are the prime factors of 2438?
2, 23, 53
List the prime factors of 2237.
2237
What are the prime factors of 10633?
7, 31
List the prime factors of 3220.
2, 5, 7, 23
What are the prime factors of 12703?
12703
List the prime factors of 667.
23, 29
What are the prime factors of 17709?
3, 5903
List the prime factors of 361.
19
List the prime factors of 24615.
3, 5, 547
List the prime factors of 1001.
7, 11, 13
List the prime factors of 50162.
2, 7, 3583
List the prime factors of 753.
3, 251
What are the prime factors of 56598?
2, 3, 9433
What are the prime factors of 6606?
2, 3, 367
List the prime factors of 48606.
2, 3, 8101
List the prime factors of 1046.
2, 523
What are the prime factors of 3268?
2, 19, 43
What are the prime factors of 141020?
2, 5, 11, 641
What are the prime factors of 1157?
13, 89
What are the prime factors of 600?
2, 3, 5
List the prime factors of 5633.
43, 131
What are the prime factors of 94?
2, 47
List the prime factors of 21904.
2, 37
List the prime factors of 4629.
3, 1543
What are the prime factors of 169319?
169319
What are the prime factors of 6497?
73, 89
List the prime factors of 5742.
2, 3, 11, 29
What are the prime factors of 60?
2, 3, 5
List the prime factors of 5806.
2, 2903
List the prime factors of 25598.
2, 12799
What are the prime factors of 475?
5, 19
List the prime factors of 982.
2, 491
List the prime factors of 1281.
3, 7, 61
What are the prime factors of 7864?
2, 983
What are the prime factors of 35999?
35999
List the prime factors of 16106.
2, 8053
What are the prime factors of 60782?
2, 30391
List the prime factors of 16718.
2, 13, 643
List the prime factors of 3939.
3, 13, 101
List the prime factors of 62898.
2, 3, 11, 953
What are the prime factors of 704?
2, 11
What are the prime factors of 13149?
3, 487
What are the prime factors of 52118?
2, 11, 23, 103
What are the prime factors of 577?
577
What are the prime factors of 881?
881
What are the prime factors of 752?
2, 47
List the prime factors of 18.
2, 3
List the prime factors of 230.
2, 5, 23
List the prime factors of 51230.
2, 5, 47, 109
List the prime factors of 144136.
2, 43, 419
List the prime factors of 5996.
2, 1499
List the prime factors of 2977.
13, 229
What are the prime factors of 20997?
3, 2333
What are the prime factors of 38937?
3, 12979
What are the prime factors of 1460?
2, 5, 73
What are the prime factors of 119712?
2, 3, 29, 43
List the prime factors of 3494.
2, 1747
List the prime factors of 578.
2, 17
List the prime factors of 5223.
3, 1741
List the prime factors of 4173.
3, 13, 107
What are the prime factors of 57545?
5, 17, 677
List the prime factors of 1623.
3, 541
List the prime factors of 9285.
3, 5, 619
List the prime factors of 26258.
2, 19, 691
List the prime factors of 3560.
2, 5, 89
List the prime factors of 11962.
2, 5981
List the prime factors of 879.
3, 293
List the prime factors of 13704.
2, 3, 571
What are the prime factors of 789?
3, 263
List the prime factors of 1050.
2, 3, 5, 7
List the prime factors of 3848.
2, 13, 37
List the prime factors of 47792.
2, 29, 103
List the prime factors of 17310.
2, 3, 5, 577
What are the prime factors of 5796?
2, 3, 7, 23
What are the prime factors of 2332?
2, 11, 53
What are the prime factors of 3337?
47, 71
List the prime factors of 36574.
2, 18287
List the prime factors of 3301.
3301
List the prime factors of 1600.
2, 5
List the prime factors of 208.
2, 13
List the prime factors of 138.
2, 3, 23
What are the prime factors of 57698?
2, 17, 1697
What are the prime factors of 1431?
3, 53
List the prime factors of 2850.
2, 3, 5, 19
List the prime factors of 603.
3, 67
What are the prime factors of 5351?
5351
List the prime factors of 5719.
7, 19, 43
What are the prime factors of 569?
569
List the prime factors of 2229.
3, 743
What are the prime factors of 653?
653
List the prime factors of 6944.
2, 7, 31
List the prime factors of 843.
3, 281
What are the prime factors of 22665?
3, 5, 1511
List the prime factors of 59989.
239, 251
List the prime factors of 631.
631
What are the prime factors of 259?
7, 37
What are the prime factors of 16098?
2, 3, 2683
List the prime factors of 1062.
2, 3, 59
What are the prime factors of 4083?
3, 1361
List the prime factors of 93705.
3, 5, 6247
List the prime factors of 191.
191
What are the prime factors of 1201?
1201
What are the prime factors of 4720?
2, 5, 59
List the prime factors of 8608.
2, 269
What are the prime factors of 3404?
2, 23, 37
List the prime factors of 962.
2, 13, 37
What are the prime factors of 34257?
3, 19, 601
List the prime factors of 23137.
17, 1361
List the prime factors of 29140.
2, 5, 31, 47
What are the prime factors of 11170?
2, 5, 1117
What are the prime factors of 249?
3, 83
List the prime factors of 141.
3, 47
List the prime factors of 480.
2, 3, 5
List the prime factors of 1849.
43
List the prime factors of 5364.
2, 3, 149
What are the prime factors of 4636?
2, 19, 61
What are the prime factors of 11534?
2, 73, 79
List the prime factors of 2605.
5, 521
List the prime factors of 657.
3, 73
List the prime factors of 37129.
107, 347
List the prime factors of 335.
5, 67
List the prime factors of 137800.
2, 5, 13, 53
List the prime factors of 17015.
5, 41, 83
List the prime fac